{"id":657,"date":"2012-09-18T15:08:17","date_gmt":"2012-09-18T12:08:17","guid":{"rendered":"http:\/\/whm09.louhi.net\/~budokwai\/taekwondo\/wp\/?page_id=657"},"modified":"2025-08-05T16:01:10","modified_gmt":"2025-08-05T13:01:10","slug":"sali-dojang","status":"publish","type":"page","link":"https:\/\/www.staging4.budokwai.fi\/taekwondo\/seura\/sali-dojang\/","title":{"rendered":"Sali (Dojang)"},"content":{"rendered":"\n<div id=\"gspb_text-id-gsbp-791ac90\" class=\"gspb_text gspb_text-id-gsbp-791ac90 \">Budokwai Taekwondo muutti 1.6.2017\u00a0uuteen saliin Kamppailukeskus Budokwaihin. Kamppailukeskuksessa\u00a0harjoittelee my\u00f6s Budokwai Karate. Sali on suunniteltu ja remontoitu varta vasten kamppailukeskus Budokwaita\u00a0varten. Olemme kaikki etuoikeutettuja voidessamme harjoitella taekwondoa n\u00e4in upeissa tiloissa. Harjoitusolosuhteet ovat Suomen k\u00e4rkip\u00e4\u00e4t\u00e4. Hyv\u00e4t harjoitusolosuhteet mahdollistavat seuran jatkuvan kehittymisen.<\/div>\n\n\n\n<div class=\"wp-block-greenshift-blocks-row gspb_row gspb_row-id-gsbp-1665032\" id=\"gspb_row-id-gsbp-1665032\"><div class=\"gspb_row__content\"> \n<div class=\"wp-block-greenshift-blocks-row-column gspb_row__col--6 gspb_col-id-gsbp-36af8e6\" id=\"gspb_col-id-gsbp-36af8e6\">\n<div class=\"wp-block-greenshift-blocks-image gspb_image gspb_image-id-gsbp-ed4cf98\" id=\"gspb_image-id-gsbp-ed4cf98\"><img decoding=\"async\" src=\"http:\/\/www.staging4.budokwai.fi\/taekwondo\/wp-content\/uploads\/2012\/09\/uusi-sali-2.jpg\" data-src=\"\" alt=\"\" loading=\"lazy\" width=\"1440\" height=\"1080\"\/><\/div>\n<\/div>\n\n\n\n<div class=\"wp-block-greenshift-blocks-row-column gspb_row__col--6 gspb_col-id-gsbp-80442f1\" id=\"gspb_col-id-gsbp-80442f1\">\n<div class=\"wp-block-greenshift-blocks-image gspb_image gspb_image-id-gsbp-e69f68f\" id=\"gspb_image-id-gsbp-e69f68f\"><img decoding=\"async\" src=\"http:\/\/www.staging4.budokwai.fi\/taekwondo\/wp-content\/uploads\/2017\/06\/Uudet-tatamit.jpg\" data-src=\"\" alt=\"\" loading=\"lazy\" width=\"425\" height=\"612\"\/><\/div>\n<\/div>\n <\/div><\/div>\n\n\n\n<div id=\"gspb_text-id-gsbp-f16c18a\" class=\"gspb_text gspb_text-id-gsbp-f16c18a \">Kokonaispinta-ala on 990\u00a0neli\u00f6t\u00e4, josta l\u00e4hes 600 neli\u00f6t\u00e4 on harjoitustilaa<strong>.\u00a0<\/strong>Taekwondon harjoitusalueella on kaksi virallista 8 x 8 metrin octagon-aluetta sek\u00e4 kaksi pienemp\u00e4\u00e4 6 x 6 metrin octagonia. Karaten harjoittelua varten salin p\u00e4\u00e4dyss\u00e4 on 8 x 8 metrin neli\u00f6nmallinen ottelualue. Lis\u00e4ksi harrastajia palvelee 42 neli\u00f6n oheisharjoittelualue. <br><br>Harjoittelutilojen lis\u00e4ksi salilla on iso keitti\u00f6, urheilijoiden taukotila, yleinen oleskelutila ja info sek\u00e4 tilavat ja hienot pukuhuoneet. Yl\u00e4kerrassa sijaitsee seuran kokoushuone asianmukaisine kalusteineen.<\/div>\n\n\n\n<div class=\"wp-block-greenshift-blocks-row gspb_row gspb_row-id-gsbp-c9cb712\" id=\"gspb_row-id-gsbp-c9cb712\"><div class=\"gspb_row__content\"> \n<div class=\"wp-block-greenshift-blocks-row-column gspb_row__col--12 gspb_col-id-gsbp-7945cb2\" id=\"gspb_col-id-gsbp-7945cb2\">\n<p class=\"has-text-align-center\"><iframe loading=\"lazy\" style=\"border: 0;\" src=\"https:\/\/www.google.com\/maps\/embed?pb=!1m18!1m12!1m3!1d2520.6686272108523!2d22.231090316421582!3d60.45592598206719!2m3!1f0!2f0!3f0!3m2!1i1024!2i768!4f13.1!3m3!1m2!1s0x0%3A0x0!2zNjDCsDI3JzIxLjMiTiAyMsKwMTMnNTkuOCJF!5e1!3m2!1sfi!2sfi!4v1496066607003\" width=\"1100\" height=\"400\" frameborder=\"0\" allowfullscreen=\"allowfullscreen\"><\/iframe><\/p>\n<\/div>\n <\/div><\/div>\n\n\n\n<div class=\"wp-block-greenshift-blocks-row gspb_row gspb_row-id-gsbp-70f7793\" id=\"gspb_row-id-gsbp-70f7793\"><div class=\"gspb_row__content\">  <\/div><\/div>\n\n\n\n<div class=\"wp-block-greenshift-blocks-row gspb_row gspb_row-id-gsbp-88b29b2\" id=\"gspb_row-id-gsbp-88b29b2\"><div class=\"gspb_row__content\"> \n<div class=\"wp-block-greenshift-blocks-row-column gspb_row__col--12 gspb_col-id-gsbp-c1b5f6f\" id=\"gspb_col-id-gsbp-c1b5f6f\">\n<div class=\"wp-block-greenshift-blocks-row gspb_row gspb_row-id-gsbp-e75cf5d\" id=\"gspb_row-id-gsbp-e75cf5d\"><div class=\"gspb_row__content\"> \n<div class=\"wp-block-greenshift-blocks-row-column gspb_row__col--6 gspb_col-id-gsbp-a429788\" id=\"gspb_col-id-gsbp-a429788\">\n<div class=\"wp-block-greenshift-blocks-image gspb_image gspb_image-id-gsbp-0413dc2\" id=\"gspb_image-id-gsbp-0413dc2\"><img decoding=\"async\" src=\"https:\/\/www.staging4.budokwai.fi\/taekwondo\/wp-content\/uploads\/2025\/07\/kartta-salille-1.png\" data-src=\"\" alt=\"\" loading=\"lazy\" width=\"1221\" height=\"669\"\/><\/div>\n<\/div>\n\n\n\n<div class=\"wp-block-greenshift-blocks-row-column gspb_row__col--6 gspb_col-id-gsbp-25d9e02\" id=\"gspb_col-id-gsbp-25d9e02\">\n<div class=\"wp-block-greenshift-blocks-image gspb_image gspb_image-id-gsbp-51da7fe\" id=\"gspb_image-id-gsbp-51da7fe\"><img decoding=\"async\" src=\"https:\/\/www.staging4.budokwai.fi\/taekwondo\/wp-content\/uploads\/2025\/07\/kartta-salille2.png\" data-src=\"\" alt=\"\" loading=\"lazy\" width=\"1053\" height=\"587\"\/><\/div>\n<\/div>\n <\/div><\/div>\n<\/div>\n <\/div><\/div>\n\n\n\n<div class=\"wp-block-greenshift-blocks-row gspb_row gspb_row-id-gsbp-bf6c876\" id=\"gspb_row-id-gsbp-bf6c876\"><div class=\"gspb_row__content\"> \n<div class=\"wp-block-greenshift-blocks-row-column gspb_row__col--6 gspb_col-id-gsbp-dc2ed6e\" id=\"gspb_col-id-gsbp-dc2ed6e\">\n<h5 id=\"gspb_heading-id-gsbp-cdafc8a\" class=\"gspb_heading gspb_heading-id-gsbp-cdafc8a \">Sijainti<\/h5>\n\n\n\n<div id=\"gspb_text-id-gsbp-1342f5c\" class=\"gspb_text gspb_text-id-gsbp-1342f5c \">Kamppailukeskus Budokwai sijaitsee Turussa K-supermarket Manhattania vastap\u00e4\u00e4t\u00e4. K\u00e4velymatka rautatieasemalta on 1,7 km. Bussit nro 20, 201 ja 203 pys\u00e4htyv\u00e4t Kamppailukeskus Budokwain kohdalla. Salin pihalla on my\u00f6s mukavasti pys\u00e4k\u00f6intitilaa omalla autolla kulkeville.<\/div>\n<\/div>\n\n\n\n<div class=\"wp-block-greenshift-blocks-row-column gspb_row__col--6 gspb_col-id-gsbp-a2e8743\" id=\"gspb_col-id-gsbp-a2e8743\">\n<h5 id=\"gspb_heading-id-gsbp-099b71f\" class=\"gspb_heading gspb_heading-id-gsbp-099b71f \">Osoite<\/h5>\n\n\n\n<div id=\"gspb_text-id-gsbp-862c5d1\" class=\"gspb_text gspb_text-id-gsbp-862c5d1 \">Kamppailukeskus Budokwai<br>Uhril\u00e4hteenkatu 2<br>20250 Turku<\/div>\n<\/div>\n <\/div><\/div>\n\n\n\n<p><\/p>\n","protected":false},"excerpt":{"rendered":"","protected":false},"author":2,"featured_media":0,"parent":178,"menu_order":0,"comment_status":"closed","ping_status":"closed","template":"","meta":{"_gspb_post_css":"#gspb_row-id-gsbp-1665032{justify-content:space-between;margin-top:0;margin-bottom:0;display:flex;flex-wrap:wrap}#gspb_row-id-gsbp-1665032>.gspb_row__content{display:flex;justify-content:space-between;margin:0 auto;width:100%;flex-wrap:wrap}div[id^=gspb_col-id]{box-sizing:border-box;position:relative;padding:var(--gs-row-column-padding, 15px min(3vw, 20px))}#gspb_col-id-gsbp-36af8e6.gspb_row__col--6{width:50%}@media (max-width:575.98px){#gspb_col-id-gsbp-36af8e6.gspb_row__col--6{width:100%}}#gspb_image-id-gsbp-e69f68f img,#gspb_image-id-gsbp-ed4cf98 img{vertical-align:top;display:inline-block;box-sizing:border-box;max-width:100%;height:auto}#gspb_col-id-gsbp-80442f1.gspb_row__col--6{width:50%}@media (max-width:575.98px){#gspb_col-id-gsbp-80442f1.gspb_row__col--6{width:100%}}#gspb_image-id-gsbp-e69f68f{text-align:right;height:auto}#gspb_image-id-gsbp-e69f68f img{width:425px}@media (max-width:991.98px){#gspb_image-id-gsbp-e69f68f,#gspb_image-id-gsbp-e69f68f img{height:auto}}@media (max-width:767.98px){#gspb_image-id-gsbp-e69f68f,#gspb_image-id-gsbp-e69f68f img{height:auto}}@media (max-width:575.98px){#gspb_image-id-gsbp-e69f68f,#gspb_image-id-gsbp-e69f68f img{height:auto}}.gspb_text-id-gsbp-f16c18a{margin-top:0!important}#gspb_row-id-gsbp-70f7793,#gspb_row-id-gsbp-c9cb712{justify-content:space-between;margin-top:0;display:flex;flex-wrap:wrap}#gspb_row-id-gsbp-c9cb712{margin-bottom:0}#gspb_row-id-gsbp-c9cb712>.gspb_row__content{display:flex;justify-content:space-between;margin:0 auto;width:100%;flex-wrap:wrap}.gspb_row{position:relative}body.gspb-bodyfront #gspb_row-id-gsbp-1665032>.gspb_row__content,body.gspb-bodyfront #gspb_row-id-gsbp-c9cb712>.gspb_row__content{width:var(--theme-container-width, 1200px);max-width:var(--theme-normal-container-max-width, 1200px)}#gspb_col-id-gsbp-7945cb2.gspb_row__col--12{width:100%}@media (max-width:575.98px){#gspb_col-id-gsbp-7945cb2.gspb_row__col--12{width:100%}}#gspb_row-id-gsbp-70f7793>.gspb_row__content,#gspb_row-id-gsbp-88b29b2>.gspb_row__content{display:flex;justify-content:space-between;margin:0 auto;width:100%;flex-wrap:wrap}#gspb_row-id-gsbp-70f7793{margin-bottom:0}#gspb_row-id-gsbp-88b29b2,#gspb_row-id-gsbp-bf6c876,#gspb_row-id-gsbp-e75cf5d{justify-content:space-between;margin-top:0;margin-bottom:0;display:flex;flex-wrap:wrap}body.gspb-bodyfront #gspb_row-id-gsbp-70f7793>.gspb_row__content,body.gspb-bodyfront #gspb_row-id-gsbp-88b29b2>.gspb_row__content{width:var(--theme-container-width, 1200px);max-width:var(--theme-normal-container-max-width, 1200px)}#gspb_col-id-gsbp-c1b5f6f.gspb_row__col--12{width:100%}@media (max-width:575.98px){#gspb_col-id-gsbp-c1b5f6f.gspb_row__col--12{width:100%}}#gspb_row-id-gsbp-e75cf5d>.gspb_row__content{display:flex;justify-content:space-between;margin:0 auto;width:100%;flex-wrap:wrap}#gspb_col-id-gsbp-a429788.gspb_row__col--6{width:50%}@media (max-width:575.98px){#gspb_col-id-gsbp-a429788.gspb_row__col--6{width:100%}}#gspb_image-id-gsbp-0413dc2 img,#gspb_image-id-gsbp-51da7fe img{vertical-align:top;display:inline-block;box-sizing:border-box;max-width:100%;height:auto}#gspb_col-id-gsbp-25d9e02.gspb_row__col--6{width:50%}@media (max-width:575.98px){#gspb_col-id-gsbp-25d9e02.gspb_row__col--6{width:100%}}#gspb_row-id-gsbp-bf6c876>.gspb_row__content{display:flex;justify-content:space-between;margin:0 auto;width:100%;flex-wrap:wrap}body.gspb-bodyfront #gspb_row-id-gsbp-bf6c876>.gspb_row__content,body.gspb-bodyfront #gspb_row-id-gsbp-e75cf5d>.gspb_row__content{width:var(--theme-container-width, 1200px);max-width:var(--theme-normal-container-max-width, 1200px)}#gspb_row-id-gsbp-bf6c876{background-color:#a8c6e300}#gspb_row-id-gsbp-bf6c876,#gspb_row-id-gsbp-bf6c876>.gspb_backgroundOverlay{border-top-left-radius:16px;border-top-right-radius:16px;border-bottom-right-radius:16px;border-bottom-left-radius:16px}#gspb_col-id-gsbp-dc2ed6e.gspb_row__col--6{width:50%}@media (max-width:575.98px){#gspb_col-id-gsbp-dc2ed6e.gspb_row__col--6{width:100%}}.gspb_text-id-gsbp-1342f5c{margin-right:16px!important;margin-bottom:16px!important;margin-left:16px!important}#gspb_col-id-gsbp-a2e8743.gspb_row__col--6{width:50%}@media (max-width:575.98px){#gspb_col-id-gsbp-a2e8743.gspb_row__col--6{width:100%}}#gspb_heading-id-gsbp-099b71f{margin-bottom:0}.gspb_text-id-gsbp-862c5d1{margin-top:16px!important;margin-right:16px!important;margin-left:16px!important}","footnotes":""},"class_list":["post-657","page","type-page","status-publish","hentry"],"blocksy_meta":[],"jetpack_shortlink":"https:\/\/wp.me\/P2Mq3v-aB","jetpack_sharing_enabled":true,"_links":{"self":[{"href":"https:\/\/www.staging4.budokwai.fi\/taekwondo\/wp-json\/wp\/v2\/pages\/657","targetHints":{"allow":["GET"]}}],"collection":[{"href":"https:\/\/www.staging4.budokwai.fi\/taekwondo\/wp-json\/wp\/v2\/pages"}],"about":[{"href":"https:\/\/www.staging4.budokwai.fi\/taekwondo\/wp-json\/wp\/v2\/types\/page"}],"author":[{"embeddable":true,"href":"https:\/\/www.staging4.budokwai.fi\/taekwondo\/wp-json\/wp\/v2\/users\/2"}],"replies":[{"embeddable":true,"href":"https:\/\/www.staging4.budokwai.fi\/taekwondo\/wp-json\/wp\/v2\/comments?post=657"}],"version-history":[{"count":34,"href":"https:\/\/www.staging4.budokwai.fi\/taekwondo\/wp-json\/wp\/v2\/pages\/657\/revisions"}],"predecessor-version":[{"id":11787,"href":"https:\/\/www.staging4.budokwai.fi\/taekwondo\/wp-json\/wp\/v2\/pages\/657\/revisions\/11787"}],"up":[{"embeddable":true,"href":"https:\/\/www.staging4.budokwai.fi\/taekwondo\/wp-json\/wp\/v2\/pages\/178"}],"wp:attachment":[{"href":"https:\/\/www.staging4.budokwai.fi\/taekwondo\/wp-json\/wp\/v2\/media?parent=657"}],"curies":[{"name":"wp","href":"https:\/\/api.w.org\/{rel}","templated":true}]}}